 a(6). Suppose 9*h = u*h + 180. What is the units digit of h?
5
Let v(u) = -u**2 - 19*u + 40. Suppose -6 - 14 = s. Let r be v(s). What is the units digit of (7 - r)*14/(-1)?
2
Let x(w) = 15*w**2 + w + 14. Let s be x(7). Suppose 2*h + 2*d - 552 - 232 = 0, 2*h - 5*d = s. What is the tens digit of h?
8
Let b(p) = -p**2 + 15*p - 37. Let f be b(12). Let s = f + 1. What is the hundreds digit of 3 - (34 - s)*-3?
1
Let j be -6 - -8 - (-4 - (-12)/3). Suppose -2*d - 2*d - 2664 = -4*q, -2*d = j*q - 1332. What is the tens digit of q?
6
Suppose -17*g + 4*g + 152970 = 2*g. What is the units digit of g?
8
Let v be -7 - (5944 - -1) - -8. What is the hundreds digit of (-16)/(-2) + -3 - v/8?
7
Suppose -163*f - 6372763 = -404*f. What is the tens digit of f?
4
What is the ten thousands digit of 307492/22*((-391)/34 - -17)?
7
Let a be (-2 + 1)/((-3)/15). Suppose -a*p = 3*d - 15 + 4, -5*p - 45 = -5*d. Suppose d*n + 3*o - 43 = 2*n, o - 1 = 0. What is the units digit of n?
8
Suppose 2*w + 17 = -j - 55, -4*w = -2*j - 168. What is the hundreds digit of (316/6)/(299/j - -4)?
3
Let h be 3/(-6)*-4 + (-4 - -22). Let t be h/8*8/(-4)*-5. Suppose u - 205 = -5*o, t = o + u - 20. What is the tens digit of o?
4
What is the thousands digit of 6083/2 - ((-9)/(-10))/((-117)/(-195))?
3
Let i(t) = -8*t - 13. Let q be i(-2). Suppose q*n + 8 = -n, -5*n + 87 = o. What is the tens digit of o?
9
Suppose -29879 = -2*j + l, 0 = -193*j + 191*j + 5*l + 29851. What is the units digit of j?
3
Suppose i + p + 6 - 7 = 0, 3*i - 11 = p. Suppose 4*j + 386 + 1244 = 2*b, -3*b - i*j + 2418 = 0. What is the units digit of b?
9
Let c = -3536 + 6538. What is the thousands digit of c?
3
Suppose -5*o - 9836 = -4*i, 89*i + 7358 = 92*i + o. What is the thousands digit of i?
2
Suppose -h - 14192 = -g, -29*h - 14200 = -g - 26*h. What is the thousands digit of g?
4
Let y = 9604 + -7284. What is the thousands digit of y?
2
Suppose -3*m = 2*k - 7529, -2*m + 7762 = 2*k + 226. What is the units digit of k?
5
Let a = 165 - -35. Let s be a/52 - (-2)/13. Suppose 2*p = -4*u + 158, 5*u - 55 = s*p + 175. What is the tens digit of u?
4
Let b = 239 + -179. Suppose -b*c + 64*c - 452 = 0. What is the units digit of c?
3
Suppose -5*g - 2*z = -16112, -4*g + 11577 + 1327 = -2*z. What is the thousands digit of g?
3
Suppose -o = 3*b - 156, -3*b - 9 + 0 = 0. Let l = o - 159. What is the units digit of l?
6
Let u(v) = -v**3 + 5*v**2 + 15*v + 2. Suppose d + 3*q + 2 + 10 = 0, -22 = 2*d + 4*q. What is the tens digit of u(d)?
0
Suppose -3*p = -4*p + 4. Suppose -o = -2*f + 493, -o + 2*o = p*f - 989. What is the hundreds digit of f?
2
Let o(v) = 161*v**2 + 77*v + 88. What is the ten thousands digit of o(9)?
1
Let t(o) = 28*o + 98. Let i be t(-25). Let h = i - -1068. What is the tens digit of h?
6
Suppose 7*r = 44 - 16. What is the units digit of -1*((-18340)/5)/r?
7
Let d = -262 + 172. What is the units digit of ((-3720)/d)/(4/3)?
1
Let o be 1*4*20/16. Suppose o*k + 20*k - 7950 = 0. What is the hundreds digit of k?
3
Let g = -227 + 632. Let q = g - 567. Let f = -78 - q. What is the tens digit of f?
8
Let p(g) = 3*g - 40. Let q be p(15). Suppose -10*w + 5 = q. What is the tens digit of ((-8)/(-6) + w)*12?
1
Suppose 1957978 = 72*l - 745262. What is the thousands digit of l?
7
Suppose 0 = -2*v - 5*d - 209, 0*d = -3*v - 3*d - 300. Let s = v + 172. Let u = 0 + s. What is the units digit of u?
5
Suppose 17*v - 8*v + 20984 = 331268. What is the units digit of v?
6
Let i = -6459 - -9632. What is the thousands digit of i?
3
Let q(r) = 35*r**2 + 31*r. Suppose 19*m - 16*m = 6, 3*c + 24 = 3*m. What is the thousands digit of q(c)?
1
Let z = -61787 + 120358. What is the units digit of z?
1
Let l = 56 + 16. Let n = l + -23. Let k = 86 - n. What is the tens digit of k?
3
Let q(z) be the first derivative of 43*z**3/3 + z**2/2 - z - 9. What is the units digit of q(-1)?
1
Suppose -109*m + 161*m - 2691570 = -46*m. What is the thousands digit of m?
7
Let w = -17654 + 17659. What is the units digit of w?
5
Suppose -5*d - 2*z = -25, -4*d + d - 4*z = -15. Suppose -5*v - 5*w + 2171 = -94, -3*w - 1777 = -4*v. Suppose 13*c - v = d*c. What is the units digit of c?
6
Suppose -2*f - 40260 = -4*w, 0 = -5*w - 4*f - 2859 + 53184. What is the thousands digit of w?
0
Let x(c) = 188*c**2 + 8*c + 307. What is the ten thousands digit of x(9)?
1
Let c(j) = 4*j**2 - j - 4. Let a be c(-2). Suppose 2*r - i = 3*i - a, -5*r - 3*i = -17. Let l(w) = 25*w**2 - 2*w + 3. What is the units digit of l(r)?
6
Let i(v) = -317. Let n(y) = -y**2 + 319. Let g(b) = -6*i(b) - 5*n(b). What is the hundreds digit of g(0)?
3
Let i(y) = 3382*y + 1783. What is the units digit of i(19)?
1
What is the tens digit of (-347556)/(-11) - (-7 - -23) - (-1 + -6)?
8
Suppose 2*j = -20*j + 63624. What is the units digit of j?
2
Let l(n) = 109*n**3 + 9*n**2 - 13*n - 20. What is the units digit of l(3)?
5
Let v(n) = -2*n**2 - 10*n - 7. Suppose -4*o = -o + 18. Let b be v(o). What is the units digit of (b + 4 - -3)*(-3)/4?
9
Suppose -1789*r = -1735*r - 195696. What is the hundreds digit of r?
6
Let c(t) = -6*t - 22. Let k be c(-4). Let n(o) = o**2 - 7*o + 2. Let m be n(k). Let r = 63 + m. What is the units digit of r?
5
Let p(o) = -15*o - 10. Let f(h) = 6*h - 31. Let w be f(6). Suppose -w*a - 2*d - 61 = 0, -1 = -a + d + 3*d. What is the tens digit of p(a)?
5
What is the units digit of (62154/21)/(6/42 - 0)?
8
Let p = 37293 - 23679. What is the thousands digit of p?
3
Suppose 2802274 = 49*g + 34*g - 37*g. What is the hundreds digit of g?
9
Suppose 0 = 50*r - 42*r - 6304. Let o = -749 + r. What is the units digit of o?
9
Let p = 29 - 26. Let z(o) = -5 + 9*o**2 - 5*o + 1 + 20*o**3 - 19*o**p. What is the tens digit of z(-8)?
0
Suppose -27*u + 56*u = 26361. Let v = u - -262. What is the tens digit of v?
7
Suppose -24*u + 28*u + 4 = 0. What is the units digit of (4*(-2536)/32)/(1*u)?
7
Let d(x) = 35*x**2 + 13*x - 37. Let k be d(5). Let l = -747 + k. What is the tens digit of l?
5
Let j(r) = -r**3 - 8*r**2 + 10*r + 6. Suppose -w = -5*p - 36, -2*p = -3*p + 2*w. Let c be j(p). Let z = c - -138. What is the units digit of z?
4
Let u(d) be the second derivative of 25*d**3 + 4*d**2 + 6*d. Let k be u(2). What is the units digit of -1 - ((-8)/(-36) + k/(-9))?
3
Suppose -5*a = -y + 47, 5*y + 2 = 2*a + 7. What is the hundreds digit of -4*(-5)/a + 120?
1
Suppose 5*h + 21*l - 27*l = 11966, -7182 = -3*h + 3*l. What is the units digit of h?
8
Suppose 0 = -7*y + 3*y - 3*c + 7, 3*c + 21 = 3*y. Suppose -5*x - 5*a = -a - 658, -y = -2*a. Suppose -x = -p + 24. What is the tens digit of p?
5
Let s(g) = -2*g**3 - 4*g**2 + 5*g + 3. Let r be s(-3). Suppose 1631 + 733 = r*l. What is the tens digit of l?
9
Let r be 9/(((-36)/(-272))/3). Let v = r + -41. Suppose 277 = 5*b - v. What is the tens digit of b?
8
Let a be (-22)/132 + (2 - (-20629)/6). Suppose 165*f = 170*f - a. What is the hundreds digit of f?
6
Suppose -232775 = -7*k + 128893 - 13495. What is the hundreds digit of k?
7
Let h be ((-50)/6)/((-11)/99). Suppose 5*z - 6*z + h = 0. What is the tens digit of z?
7
Let l = 22 - 19. Let j be -5 + l/3 + -115. What is the tens digit of (-8)/(-14) - 9095/j?
7
Let t = -19851 - -59157. What is the thousands digit of t?
9
What is the ten thousands digit of 33/693*-28 + (-1291)/(-6)*158?
3
Let w be 1017/15 + 2/10. Suppose 4*k = -0*i + 4*i - 128, 0 = -3*i - 4*k + w. What is the units digit of i?
8
Let t be 46/(-414) - 37/(-9). Suppose t*u - 1931 = 17. What is the tens digit of u?
8
Suppose -3*p + 3 = 0, -3452 = 5*w + 2*p - 26129. What is the units digit of w?
5
What is the tens digit of ((-264)/(-64))/(-11) + 457415/40?
3
Let b(j) = 31*j**2 - 6*j + 30. Let y be b(-9). Suppose 17*r - 19*r + s = -1053, -y = -5*r - 5*s. What is the hundreds digit of r?
5
Let l be (-6)/4 - 7942/(-76). Suppose 97*h = l*h - 2700. What is the units digit of h?
0
Suppose 2*a + 10 = 3*u - 0*a, 4*u - 2*a = 14. Suppose -p - p = 3*b - 1701, 3*p = u*b - 2268. What is the hundreds digit of b?
5
Let g(h) = 97*h**2 - h + 14. Let w be 62/93*9/2. What is the tens digit of g(w)?
8
Suppose 9*s = 12*s - 708. Let j = 102 + s. What is the tens digit of j?
3
Let c(f) = -f**2 + 55*f - 2. Let d(a) = 2*a**2 - 166*a + 6. Let i(k) = 7*c(k) + 2*d(k). What is the tens digit of i(12)?
0
Suppose -4*p